ivative of v(q). What is n(3)?
-6
Let q(w) = w**2 + w. Let n be q(0). Let t(i) = i**2 + i - 4. Determine t(n).
-4
Let w(m) = -m**2 - 3*m - 140 + 2*m - 2*m + 145. Give w(-6).
-13
Let p(z) = z**2 - 5*z + 1. Suppose -3*j = -6 - 3. Give p(j).
-5
Let i be 1 + -1 - (-11 - -8). Let q(o) = -13*o + 9 + o - 2*o**2 + 5*o + i*o**2. What is q(6)?
3
Let z(r) = r**3 + r**2 + r + 1. Let t(i) = 3*i**3 + 8*i**2 - 3. Let u(v) = t(v) - 2*z(v). Determine u(-6).
7
Let k be (0 - 2 - -1) + -2. Let s(g) = -g - 1. Let l be s(k). Let x(w) = -5*w + w**2 + 1 - 2*w**l + 1. Give x(-4).
6
Let n(k) = -7*k**3 - k**2 + 13*k - 15. Let s(d) = -3*d**3 - d**2 + 6*d - 7. Let f(x) = 4*n(x) - 9*s(x). Give f(5).
-7
Let g(r) = -r**3 + r**2 + 5. Let k(y) = -y - 1. Let n(w) = g(w) + 5*k(w). Let a(j) be the second derivative of n(j). Calculate a(2).
-10
Let c(k) = -11*k**3 - 2*k**2 - k. Suppose s = -4*b - s - 8, 5*b - s = -3. Determine c(b).
10
Let b(a) = -a**3 + a**2 - a**2 + 8 + a**2. Let w = -28 + 28. Calculate b(w).
8
Let t = -10 - -4. Let h(y) = -y**2 - 6*y + 2. Determine h(t).
2
Let w(h) = -h**3 - 2*h**2 - h. Suppose -5*v + 15 = -5*q, 7 = -v + 3*q + 20. Let r be w(v). Suppose n + r*n = 0. Let d(l) = -l - 2. Give d(n).
-2
Let z(b) = -7*b**2 - 3*b - 2*b**2 + 1 + 8*b**2. Let i be 3/2*(2 - 4). What is z(i)?
1
Let r be (2/4)/(1/4). Suppose 0 = -2*q - 2*q + 5*l - 33, 0 = -3*q - r*l + 4. Let h(j) = j**3 + 2*j**2 + j - 1. What is h(q)?
-3
Let f(o) = -o**3 - 4*o**2 - 2. Let r(z) = -z**3 + 10*z**2 + 12. Let b be r(10). Suppose -3*u + j - b = 0, -u + 2*j = -6*u - 20. What is f(u)?
-2
Let c(a) = -a**3 + 6*a**2 + a - 8. Suppose -3*b = -12 + 51. Let d = -7 - b. What is c(d)?
-2
Let x be 3/(-5) + (-152)/(-20). Let w be x/3 - (-6)/9. Let z(s) = s - 3. What is z(w)?
0
Let k(z) = -4 + 5 + 2 + z. Let f be k(-4). Let i(x) = -5*x + 3*x - 1 - 2*x**2 + 4*x**2. Calculate i(f).
3
Let z(s) = -3*s**3 - 2*s**2 + 6*s + 7. Let y(x) = 5*x**3 + 4*x**2 - 11*x - 13. Let n(i) = 6*y(i) + 11*z(i). Let c be 2/(-12) + 7/6. What is n(c)?
-2
Let s be (-3 + 3)/((-6)/2). Suppose w = -4*y - s*w - 22, -2*w + 16 = -4*y. Let i(m) = -5*m + 4*m**2 - 4*m**3 + 7*m**3 - 3 - 2*m**3. Determine i(y).
-3
Let i(d) = -5*d - 8. Let n(z) = -3*z - 4. Let v(b) = 4*i(b) - 7*n(b). Let g(s) = s**2 + s - 4. Let q be g(-4). Let u = q - 5. Give v(u).
-1
Let s(k) be the first derivative of 4*k**3/3 - k + 2. Let g = -3 - -7. Suppose p = g*u + 1, -2*u = 3*p + 10 + 1. Calculate s(u).
3
Let u(r) = 2*r + 67 - 4*r - 80. Calculate u(-6).
-1
Let o(v) = -3*v**3 + 3*v**2 + 7. Let k(f) = -f**3 + f**2 + 2. Let u(s) = 8*k(s) - 3*o(s). What is u(0)?
-5
Let h(f) = -5*f - 9. Let n(q) = -q - 2. Let p(m) = -2*h(m) + 9*n(m). Let t = -9 + 16. Let z = -12 + t. Give p(z).
-5
Suppose n - 3*n + 6 = 0, -4*h - 1 = 5*n. Let f be -1 - (0 - 3 - 1). Let s(k) = k**2 + 8 - 9 + 6 + f*k. Calculate s(h).
9
Let p(t) = -6*t**3 + 2*t**3 + 6 - 2 + 5*t**3 - t. Suppose m = -5*g + 46, -5*m = -g - m + 26. Let v be (-4)/(-10) + (-4)/g. What is p(v)?
4
Let i(d) = d**2 + 7*d + 5. Suppose 0 = -2*f - 4*r - 24, 0 = -2*f + 3*f - 3*r - 8. Let z = f + 4. Suppose z + 24 = -4*y. Determine i(y).
-1
Let m(d) = -d**2 - d + 6. Let i(h) = -6*h + 18. Let c(o) = 2*o - 6. Let s(u) = -7*c(u) - 2*i(u). Let y be s(3). Give m(y).
6
Let x(n) = -7*n**3 + 5*n**2 + 7*n + 13. Let s(f) = -10*f**3 + 7*f**2 + 10*f + 19. Let z(a) = 5*s(a) - 7*x(a). What is z(0)?
4
Let p(g) = -3*g - 8. Let t(l) = 48*l + 129. Let f(i) = -33*p(i) - 2*t(i). Calculate f(-4).
-6
Let b = 38 + -26. Let w be 1 - 3*b/(-9). Let q(d) = d - 3. Determine q(w).
2
Let q(a) = 5*a**3 - 8*a**2 - 2*a + 5. Let c(z) = -z**3 + z**2 - 1. Let r(u) = 6*c(u) + q(u). Let j = -2 - -1. Give r(j).
0
Let n(q) be the first derivative of q**3/3 + 5*q**2/2 + 2*q - 22. Determine n(-4).
-2
Let d(h) = h**3 + 14*h**2 + 2*h + 29. Let z be d(-14). Suppose 5*o - 25 = -2*b, 11 = 2*o - 3*b + 4*b. Let n(t) = 0*t**2 - t**2 + t + 1 - o*t. Give n(z).
-2
Suppose 0 = -5*t - 0 - 40. Let g be (-2)/t + (-45)/(-12). Let j(x) = x - 8. Calculate j(g).
-4
Let a(z) = -z + 8. Let d = 122 + -122. Determine a(d).
8
Let w(s) = s**3 + 2*s**2 - s + 2. Suppose -3*n = -2*x - 5, 0*x - 21 = 5*x + n. Let u be (x/3)/((-6)/(-9)). Give w(u).
4
Let i be -3 + 5 - (-5 + 3). Let m(r) = 5*r**2 - 3*r. Let a(f) = 14*f**2 - 9*f. Let b(p) = 4*a(p) - 11*m(p). Give b(i).
4
Suppose 5*s = -4*l + 25, -3 - 1 = -l + s. Let a(b) = -b + 4. Give a(l).
-1
Suppose -v + 0 = -3*t - 11, t = -5*v - 25. Let g(n) be the second derivative of 0 - 1/2*n**2 - n + 1/6*n**3. What is g(t)?
-6
Let a(z) = z**2 - 1. Let y(c) = -7*c**2 - 5*c + 15. Let p(r) = 6*a(r) + y(r). Determine p(-7).
-5
Let b(h) = -3*h + 4. Let g(k) be the second derivative of -4*k**3/3 + 13*k**2/2 - 3*k. Let i(d) = 11*b(d) - 4*g(d). What is i(-7)?
-1
Let t(x) = 2*x + 9. Let o(p) = p - 13. Let h be o(6). Calculate t(h).
-5
Let g(q) be the third derivative of -q**6/24 - q**4/12 - q**3/6 - 2*q**2. Determine g(-1).
6
Let a = 2 + 0. Let q(l) = l**3 + 7*l**2 + 5*l + 10. Let y(n) = n**3 + 4*n**2 + 3*n + 6. Let k(i) = 3*q(i) - 5*y(i). Give k(a).
-12
Let r be 8*(4/(-8) - -1). Suppose 0 = 2*w + c - 15, r*w - 39 = 3*c - 8*c. Let g(b) = b. Calculate g(w).
6
Let g(c) be the second derivative of 6*c - 9/2*c**2 + 0 - 1/6*c**3 - 1/20*c**5 - 1/12*c**4. Give g(0).
-9
Let y be (1 - -2)/(13 + -10). Let n(p) = 12*p - 1. What is n(y)?
11
Let f(u) be the third derivative of -u**6/120 + u**4/8 + u**3/6 - u**2. Let p be f(-2). Let d(h) = p*h - 3*h - 2*h + 1 + 3*h. Calculate d(5).
6
Let w(g) = -3 + 3 + 1 - 6*g - 3. Calculate w(2).
-14
Suppose -5*j - 1 = 19. Let s(a) be the first derivative of a**3/3 + 3*a**2 - a - 5. Calculate s(j).
-9
Suppose -3*t + 6*t = -18. Let l(b) = -b**3 + b**2 - 1. Let y(k) = 6*k**3 + 2*k**2 + 6*k + 5. Let h(r) = 5*l(r) + y(r). What is h(t)?
0
Suppose -p - 6 = -4*q, 3*p - 3*q - 12 = -3. Let n(k) = k**3 - 5*k**2 - 3*k - 4. Give n(p).
14
Let s(o) = o - 1. Let j be s(1). Let m(t) = 0*t - 8 + t + j*t. Let i(z) = -2*z + 26. Let f be i(11). What is m(f)?
-4
Suppose 3*y - 15 = 3. Let g(f) = f + y - 2*f - 1 + 0*f. Determine g(-5).
10
Let u(a) be the second derivative of -a**4/12 + a**3/3 + a**2/2 + 163*a. Let l(o) = -o**2 - 6*o - 4. Let n be l(-4). Calculate u(n).
-7
Let u(b) = -b**2 + 2*b + 4. Let n = -8 - -10. Let p be n/2*2*2. Give u(p).
-4
Let x(i) be the second derivative of -i**4/12 + 2*i**2 - 8*i. Calculate x(3).
-5
Suppose 0 = -f + 3. Let s be (1 - (-27)/(-12))*-4. Let a(r) = 3 - s + r**2 + 5 - 3*r. Calculate a(f).
3
Let a = 29 + -27. Let z(b) = 7*b - 1. Determine z(a).
13
Let u = -1 + 3. Let a be ((-3)/(-9))/((-4)/(-36)). Let o(w) = -u*w - w - 3*w - w**a - 6*w**2. Give o(-5).
5
Suppose -3*o = -6, -3*o = 4*c - 2*o - 18. Let i be 10/c*(2 + 0). Let f be i/3 + (-4)/6. Let d(s) = 2*s + 1. Determine d(f).
3
Let l be (12/24)/((-2)/44). Let j = l - -13. Let u(z) = z**3 - z**2 - z. Determine u(j).
2
Let j(z) = -7*z + 1. Let i be (1 + (-4)/2)*1. Determine j(i).
8
Suppose -3*m + 21 = -0*m. Let y(n) = m*n + 2*n + 0*n. Calculate y(1).
9
Let v(k) = 2*k + 1. Suppose -2*g - 3*g + 30 = 0. Let d be 6/(-4) - (-39)/g. Suppose -5*o + 3 = -2*o - x, 5*x - 25 = -d*o. Calculate v(o).
5
Let z(g) be the first derivative of -11*g**6/120 - g**5/60 - g**4/24 - 5*g**2/2 + 3. Let o(a) be the second derivative of z(a). Suppose 6*u - u = -5. Give o(u).
11
Let q(o) be the third derivative of o**6/120 - o**5/60 + o**4/24 - 2*o**3/3 + 13*o**2. Calculate q(3).
17
Suppose n - 42 = -6*n. Let x(v) = -v**2 + 5*v + 3. What is x(n)?
-3
Suppose 0*j + 4*j = 0. Let u = j - 0. Let z(t) = -t**2 + 5. Give z(u).
5
Let n(w) = -w**3 + w**2 + 3*w + 1. Let s(g) = g**3 - g**2 - 2*g - 1. Let r(a) = 2*n(a) + 3*s(a). Determine r(2).
3
Let j(f) = -2*f + 4. Let w be (-2)/(-2*(3 + -2)). Let t(z) = -1. Let p(g) = w*t(g) - j(g). What is p(4)?
3
Let s(q) = q**3 - 3*q**2 + 2*q - 4. Suppose 0 = -4*m - 60 - 12. Let n = m - -30. Suppose 0 = -3*z - z + n. Give s(z).
2
Let l(q) = -12*q + 62. Let g be l(5). Let i(h) = h**3 - 3*h**2 - 2*h. Calculate i(g).
-8
Let l(b) be the first derivative of -1/3*b**3 - 2*b - 1/2*b**2 + 3. Give l(0).
-2
Let h be 28/2*(-2)/4. Let r(w) = w**2 + 7*w + 5. Determine r(h).
5
Suppose -2*b + 1 = -4*j - 9, j = 2*b - 7. Let c = -3 - j. Let u(p) be the second derivative of p**3/2 - p**2/2 + 10*p. Calculate u(c).
-7
Le